is -1 + -2115ba6?
-2115ba7
In base 6, what is 141410 - -11521?
153331
In base 11, what is 0 - -2a17380?
2a17380
In base 5, what is -14414301341 - -41?
-14414301300
In base 4, what is 21221030121021 - 1?
21221030121020
In base 15, what is -1d7760 + -3?
-1d7763
In base 12, what is 27 + -1193614?
-11935a9
In base 8, what is 35045 + 3436?
40503
In base 11, what is -2450143 + 8?
-2450136
In base 15, what is -6b16 + -56b?
-7182
In base 5, what is 11 - 1430404004?
-1430403443
In base 9, what is -13 + -137276884?
-137277007
In base 11, what is 5 + 6162?
6167
In base 15, what is -18288 - -6e3?
-17a95
In base 15, what is -4cc39 + -91?
-4ccca
In base 16, what is 2 - -3a05da?
3a05dc
In base 9, what is 4 - 1165224?
-1165220
In base 7, what is 51030020 - -1?
51030021
In base 7, what is -62042 + 13363?
-45346
In base 9, what is 3 + -515747?
-515744
In base 5, what is -130 - 1323410?
-1324040
In base 4, what is -110230030311 - -1?
-110230030310
In base 6, what is 30124 + -10031?
20053
In base 13, what is -c67 + 1319?
382
In base 12, what is -60 + -123a?
-129a
In base 2, what is 100001001010110 - 10001001?
100000111001101
In base 13, what is -1ba60731 + -1?
-1ba60732
In base 7, what is 101 + 5113260?
5113361
In base 13, what is -1c6 + -b751?
-b947
In base 3, what is -1 + 200112212210121?
200112212210120
In base 3, what is -110002 - -1202200210?
1202020201
In base 2, what is -11 - 110100110101110000100?
-110100110101110000111
In base 8, what is -46 - 73406601?
-73406647
In base 14, what is -d9827 + 5?
-d9822
In base 3, what is -10 - -10110000100200111?
10110000100200101
In base 12, what is -54 + -9baa4?
-9bb38
In base 10, what is -61130 - 68?
-61198
In base 15, what is 7 - 15aa171?
-15aa169
In base 2, what is -10001000010 + -1100010001110?
-1110011010000
In base 6, what is -425 - 534011?
-534440
In base 6, what is -1452 + -4301122?
-4303014
In base 11, what is -19241a803 - 0?
-19241a803
In base 2, what is -1100011100100100 + -1011000010011?
-1101110100110111
In base 15, what is -3 + -35ea?
-35ed
In base 7, what is 41106201 + 14?
41106215
In base 11, what is 2264592 + -75?
2264518
In base 14, what is 12815a - 3?
128157
In base 11, what is a3a2823 + 4?
a3a2827
In base 15, what is 2 - -3dc1cd?
3dc1d0
In base 16, what is 43aa0 + 3c?
43adc
In base 9, what is 12355762 + -18?
12355743
In base 8, what is 1061 - 1566317?
-1565236
In base 15, what is -12be1a + -7c?
-12be97
In base 11, what is 7a63229 + -1?
7a63228
In base 15, what is -38d + ce58a?
ce1ec
In base 16, what is -6a - -30c0c0?
30c056
In base 15, what is 14d4b + -393?
149a8
In base 4, what is -3313320122302 - -2?
-3313320122300
In base 15, what is b225a13 - -4?
b225a17
In base 13, what is -1c67 + 5388a?
51923
In base 6, what is 220001355 + 0?
220001355
In base 7, what is -12 - -4322111?
4322066
In base 9, what is -11 - -82432487?
82432476
In base 3, what is 11022112 - 20210101211?
-20122002022
In base 7, what is 4 + -114351430?
-114351423
In base 12, what is -4126320 + -2?
-4126322
In base 11, what is -39 - -14112?
14084
In base 8, what is 301 - -3220603?
3221104
In base 4, what is -21000030010 - -1?
-21000030003
In base 7, what is -400301 + 1402?
-365566
In base 16, what is 9eabf0 + -2?
9eabee
In base 8, what is -105013643 - 5?
-105013650
In base 9, what is -13131821 + 15?
-13131805
In base 13, what is 0 + -28926602?
-28926602
In base 9, what is -1773 + 41610?
38726
In base 15, what is -180 + -cdc1?
-d051
In base 14, what is -ca + -2c67?
-2d53
In base 3, what is 21101220 - -220021201?
1011200121
In base 16, what is b1 + -c2e6?
-c235
In base 11, what is -90537042 - 2?
-90537044
In base 16, what is 3d + -139e4?
-139a7
In base 3, what is 11001121102 + -1221011?
10222200021
In base 7, what is -15 - -45646222?
45646204
In base 14, what is c5c161 - 3?
c5c15c
In base 13, what is -10 - b2b259?
-b2b269
In base 15, what is -4 + -b91770?
-b91774
In base 10, what is 1962403 + -2?
1962401
In base 16, what is 25b2d - 88?
25aa5
In base 12, what is -9b8a56 - 5?
-9b8a5b
In base 11, what is -294754 - -a07?
-293848
In base 5, what is 11012014004 + 41?
11012014100
In base 3, what is 2120001210010 - 220?
2120001202020
In base 8, what is -255620 - -122?
-255476
In base 16, what is -1c - -12977?
1295b
In base 11, what is -459569 + 699?
-458980
In base 5, what is 3432442 + -13102?
3414340
In base 5, what is -4230311121 + 204?
-4230310412
In base 14, what is a053 - 1da2?
8091
In base 5, what is -200204004000 - 3?
-200204004003
In base 4, what is 13303 - 11000012221?
-10333332312
In base 4, what is 21310210212320 + -1?
21310210212313
In base 12, what is -874 - -1459?
7a5
In base 15, what is 4 - ae0052?
-ae004d
In base 16, what is -410a6a - -8?
-410a62
In base 10, what is -941546 - -12?
-941534
In base 10, what is 43022 + 2069?
45091
In base 11, what is 149 - 39641?
-394a3
In base 2, what is 10100010110010111111011 + -11101?
10100010110010111011110
In base 13, what is -3b92aa8 + -1?
-3b92aa9
In base 15, what is 17 - 1cc12c?
-1cc115
In base 5, what is 212404242 - 0?
212404242
In base 14, what is 12 - 2a86301?
-2a862cd
In base 3, what is -1012100000100212 - 11?
-1012100000101000
In base 14, what is -2b4b9 + 135?
-2b384
In base 10, what is -25 + 800893?
800868
In base 5, what is -1001 + 41010323?
41004322
In base 14, what is 5 - -47b3c?
47b43
In base 9, what is 5 - 377657266?
-377657261
In base 11, what is -1005 + 1490?
486
In base 12, what is 55 + 10320b?
103264
In base 11, what is 423 + -79a99?
-79676
In base 7, what is -1 + 11000203?
11000202
In base 6, what is 1224423240 + 4?
1224423244
In base 2, what is -1001111001 - 1100000001010?
-1101010000011
In base 4, what is 2 + -2111131310202?
-2111131310200
In base 13, what is -713 + -15c1?
-2004
In base 8, what is -465647 + -242?
-466111
In base 11, what is 21916 + 438?
22253
In base 7, what is 353244 - -6662?
363236
In base 11, what is 20 - 20aa83?
-20aa63
In base 11, what is 594 - 56038?
-55554
In base 15, what is -4 - -1148785?
1148781
In base 16, what is 8542c0 + 1?
8542c1
In base 3, what is -102201121012112 + -11?
-102201121012200
In base 2, what is -100 + 11011100010100100010111?
11011100010100100010011
In base 15, what is 972a20c - -5?
972a212
In base 7, what is 433002 + 205?
433210
In base 11, what is 3 - 38724480?
-38724478
In base 10, what is 78 + 644133?
644211
In base 10, what is 1 - -369428?
369429
In base 2, what is -110101011100110110001 - 110110?
-110101011100111100111
In base 12, what is 146a0694 - 0?
146a0694
In base 16, what is -c4 + 134ea?
13426
In base 4, what is 1201 - -131320012000?
131320013201
In base 12, what is 4 - 105717b?
-1057177
In base 6, what is -142023 - 33203?
-215230
In base 6, what is -3502 - 33323?
-41225
In base 6, what is 254223 + -234?
253545
In base 11, what is -5 + -469107?
-469111
In base 13, what is -11 + ab243?
ab232
In base 9, what is 6 + -77163285?
-77163278
In base 13, what is 30 + -109838?
-109808
In base 9, what is -501 - 4304?
-4805
In base 4, what is 11013101110 - -123?
11013101233
In base 14, what is 2c6 + -12082?
-11b9a
In base 8, what is 10505 + 11024?
21531
In base 9, what is 4524 + 1255?
5780
In base 16, what is 67f7d2 - -2?
67f7d4
In base 11, what is -503 + -6703?
-7106
In base 14, what is 15 + -7a83?
-7a6c
In base 2, what is -101111001100 + 1100010000111101100?
1100001011000100000
In base 3, what is 120111112102100 + 2010?
120111112111110
In base 12, what is -26544 + 94?
-26470
In base 11, what is 11421 + 36a5?
15016
In base 12, what is 1b3232b5 + 5?
1b3232ba
In base 13, what is -2078 + -2a?
-20a5
In base 4, what is 1121 + 231022012?
231023133
In base 2, what is 10 - -11000110000101110001111010?
11000110000101110001111100
In base 5, what is 11023200330 + -1?
11023200324
In base 11, what is -45131 + 7?
-45125
In base 16, what is -5c9 + b822?
b259
In base 15, what is -15201 + 53?
-1519d
In base 6, what is -4 + 40105114?
40105110
In base 2, what is 10100111100100011111100 + 101111?
10100111100100100101011
In base 3, what is -1001102 + -1012121220022?
-1012122221201
In base 12, what is 1 - -8747a55?
8747a56
In base 12, what is a07b - -93?
a152
In base 15, what is 2a2258c + -2?
2a2258a
In base 14, what is 16256cb + -3?
16256c8
In base 15, what is 5798b2 - -62?
579924
In base 8, what is 4343664530 - 5?
4343664523
In base 4, what is 